7?
False
Is 1778038 a multiple of 811?
False
Does 13 divide 165269?
True
Is 39696 a multiple of 24?
True
Is 10712010 a multiple of 285?
True
Does 331 divide 8120635?
False
Is 29 a factor of 6036466?
True
Does 279 divide 2334114?
True
Is 299637 a multiple of 28?
False
Is 3803767 a multiple of 11?
True
Is 41 a factor of 214348?
True
Is 889882 a multiple of 37?
False
Is 120 a factor of 231236?
False
Is 142020 a multiple of 263?
True
Does 69 divide 279155?
False
Is 21079030 a multiple of 47?
True
Is 81 a factor of 1236789?
True
Does 1969 divide 1797697?
True
Is 7 a factor of 20662?
False
Does 6 divide 42416?
False
Does 428 divide 167348?
True
Does 9 divide 238374?
True
Is 798484 a multiple of 79?
False
Does 40 divide 314622?
False
Does 54 divide 489240?
True
Is 19485 a multiple of 7?
False
Does 8 divide 381888?
True
Is 34833 a multiple of 2?
False
Is 6 a factor of 1913681?
False
Is 221 a factor of 10086?
False
Is 986982 a multiple of 542?
True
Is 98725 a multiple of 13?
False
Does 8 divide 12648?
True
Is 9732723 a multiple of 3003?
True
Does 10 divide 139612?
False
Is 36929 a multiple of 37?
False
Does 25 divide 119525?
True
Is 225 a factor of 37911?
False
Is 156560 a multiple of 10?
True
Is 429828 a multiple of 68?
True
Does 66 divide 554808?
False
Does 21 divide 113963?
False
Is 763 a factor of 303674?
True
Is 249426 a multiple of 93?
True
Is 4 a factor of 72336?
True
Does 38 divide 1096110?
True
Is 571157 a multiple of 594?
False
Is 7394031 a multiple of 17?
True
Is 10 a factor of 943410?
True
Is 8564660 a multiple of 13?
True
Is 8755870 a multiple of 46?
True
Is 6615 a multiple of 9?
True
Is 104 a factor of 1489412?
False
Does 13 divide 131495?
True
Does 152 divide 1187576?
True
Is 709248 a multiple of 12?
True
Does 83 divide 574609?
True
Does 29 divide 238975?
False
Is 40360 a multiple of 10?
True
Is 393 a factor of 6797544?
False
Does 105 divide 163460?
False
Does 117 divide 1926405?
True
Does 11 divide 23194720?
False
Is 111 a factor of 4726713?
True
Is 561013 a multiple of 7?
False
Does 53 divide 387907?
True
Does 39 divide 971217?
True
Is 1159 a factor of 939178?
False
Is 116 a factor of 328410?
False
Is 1270639 even?
False
Does 4 divide 68356?
True
Is 178820 a multiple of 116?
False
Does 677 divide 2437877?
True
Is 65 a factor of 713310?
True
Is 124 a factor of 35259?
False
Is 36 a factor of 39888?
True
Is 282736 a multiple of 247?
False
Is 477089 a multiple of 7?
False
Is 20 a factor of 916878?
False
Is 47 a factor of 7011?
False
Does 45 divide 3011635?
False
Is 538 a factor of 9044209?
False
Does 209 divide 9553156?
False
Is 9 a factor of 157401?
True
Is 1123 a factor of 1243161?
True
Is 4 a factor of 84876?
True
Is 918 a factor of 1157598?
True
Is 262517 a multiple of 27?
False
Does 716 divide 961588?
True
Is 495118 a multiple of 13?
True
Is 778396 a multiple of 80?
False
Does 10 divide 319?
False
Is 5094502 a multiple of 14?
True
Does 175 divide 58100?
True
Is 25842369 a multiple of 67?
True
Is 246296 a multiple of 136?
True
Does 228 divide 221160?
True
Does 66 divide 298716?
True
Is 5 a factor of 679964?
False
Does 35 divide 125101?
False
Is 150949 a multiple of 3?
False
Is 9233151 a multiple of 543?
False
Is 1010279 a multiple of 11?
False
Is 4092385 a multiple of 37?
True
Does 22 divide 352912?
False
Is 32 a factor of 2607117?
False
Does 14 divide 710745?
False
Is 328966 a multiple of 209?
True
Is 1272096 a multiple of 504?
True
Does 89 divide 83927?
True
Does 27 divide 7906?
False
Does 77 divide 144683?
True
Is 306120 a multiple of 12?
True
Does 130 divide 32372730?
True
Is 863084 a multiple of 11?
False
Is 1514063 a multiple of 33?
False
Is 1150323 a multiple of 97?
True
Does 16 divide 700912?
True
Is 15846 a multiple of 114?
True
Is 334560 a multiple of 160?
True
Is 2822 a multiple of 4?
False
Is 19 a factor of 1426216?
True
Is 42836 a multiple of 101?
False
Is 2920822 a multiple of 3?
False
Is 136762 a multiple of 122?
True
Does 243 divide 2428183?
False
Is 431041 a multiple of 318?
False
Is 65 a factor of 255060?
True
Is 24 a factor of 252648?
True
Does 83 divide 119188?
True
Does 51 divide 31824?
True
Is 616115 a multiple of 9?
False
Is 59 a factor of 15873111?
False
Is 120 a factor of 81960?
True
Is 243 a factor of 659016?
True
Does 43 divide 188082?
True
Is 659913 a multiple of 3?
True
Is 3005062 a multiple of 47?
False
Is 422824 a multiple of 1199?
False
Does 18 divide 1620972?
True
Is 105 a factor of 846571?
False
Is 159690 a multiple of 15?
True
Is 63998 a multiple of 14?
False
Does 62 divide 1829000?
True
Is 349 a factor of 22336?
True
Is 313285 a multiple of 587?
False
Does 75 divide 142537?
False
Is 680125 a multiple of 73?
False
Does 26 divide 196612?
True
Is 2476803 a multiple of 609?
True
Is 5 a factor of 752980?
True
Is 9 a factor of 363348?
True
Does 69 divide 246675?
True
Does 9 divide 360255?
False
Is 37 a factor of 390757?
True
Is 271 a factor of 15582155?
False
Does 22 divide 44220?
True
Is 1663746 a multiple of 294?
True
Is 676213 a multiple of 3?
False
Is 425034 a multiple of 926?
True
Does 12 divide 99132?
True
Is 14 a factor of 42773?
False
Does 65 divide 4217005?
True
Does 12 divide 10094112?
True
Is 4480772 a multiple of 16?
False
Is 1141984 a multiple of 2?
True
Is 22281 a multiple of 68?
False
Is 13 a factor of 38857?
True
Is 1525176 a multiple of 207?
True
Does 40 divide 1914760?
True
Is 57 a factor of 775454?
False
Is 3696152 a multiple of 25?
False
Does 18 divide 149926?
False
Does 149 divide 2585571?
False
Is 339 a factor of 93274?
False
Is 64 a factor of 300137?
False
Is 27 a factor of 153619?
False
Does 261 divide 179721?
False
Does 145 divide 205900?
True
Is 8260758 a multiple of 22?
True
Is 42 a factor of 245546?
False
Is 23 a factor of 203873?
False
Is 20 a factor of 2977225?
False
Does 32 divide 43343?
False
Does 21 divide 1929459?
True
Is 5 a factor of 931707?
False
Does 174 divide 1565737?
False
Is 25233 a multiple of 39?
True
Does 198 divide 991980?
True
Is 207 a factor of 105156?
True
Does 751 divide 245560?
False
Is 5 a factor of 3745?
True
Is 3581324 a multiple of 509?
True
Is 1127815 a multiple of 13?
True
Does 8 divide 133200?
True
Is 11 a factor of 1425096?
False
Does 7 divide 41391?
True
Does 44 divide 122707?
False
Does 11 divide 95436?
True
Does 355 divide 360325?
True
Does 106 divide 1048920?
False
Is 60 a factor of 38040?
True
Is 140 a factor of 134144?
False
Is 17 a factor of 591965?
False
Is 89 a factor of 881723?
True
Does 540 divide 1708749?
False
Is 58 a factor of 606216?
True
Is 34993155 a multiple of 32?
False
Is 405 a factor of 2322348?
False
Does 3 divide 346506?
True
Does 177 divide 4367820?
False
Does 29 divide 1947524?
True
Is 14 a factor of 800583?
False
Is 1717861 a multiple of 22?
False
Is 174200 a multiple of 8?
True
Is 1786620 a multiple of 33?
True
Is 6632262 a multiple of 182?
True
Does 185 divide 744623?
False
Is 11966220 a multiple of 15?
True
Is 359420 a multiple of 11?
False
Is 2607703 a multiple of 13?
False
Is 77654 a multiple of 947?
True
Is 838381 a multiple of 80?
False
Is 210027 a multiple of 565?
False
Does 386 divide 155558?
True
Is 63 a factor of 5078052?
True
Is 1635702 a multiple of 18?
False
Is 602 a factor of 1765064?
True
Is 2 a factor of 86287?
False
Does 13 divide 254175?
False
Is 16 a factor of 32873?
False
Does 72 divide 23472?
True
Does 132 divide 70405?
False
Does 17 divide 281035?
False
Does 11 divide 256619?
True
Is 7 a factor of 1536375?
False
Does 33 divide 9174?
True
Is 178087 a multiple of 7?
True
Does 501 divide 892956?
False
Is 6 a factor of 117901?
False
Does 20 divide 241800?
True
Is 6 a factor of 252006?
True
Does 13 divide 258011?
True
Is 6946764 a multiple of 22?
True
Does 362 divide 1407442?
False
Does 10 divide 54293?
False
Does 3 divide 534468?
True
Does 28 divide 967221?
False
Does 102 divide 198687?
False
Does 28 divide 100585?
False
Does 15 divide 1169169?
False
Does 2 divide 18743?
False
Is 631362 a multiple of 8?
False
Does 15 divide 1121145?
True
Is 158208 a multiple of 96?
True
Does 10 divide 8290?
True
Is 208 a factor of 25584?
True
Is 208 a factor of 738192?
True
Does 14 divide 591038?
True
Is 83 a factor of 4115804?
True
Is 18 a factor of 133425?
False
Does 49 divide 277585?
True
Is 212 a factor of 35658